[INFO] cloning repository https://github.com/lidavidm/i_am_what_i_eat
[INFO] running `Command { std: "git" "-c" "credential.helper=" "-c" "credential.helper=/workspace/cargo-home/bin/git-credential-null" "clone" "--bare" "https://github.com/lidavidm/i_am_what_i_eat" "/workspace/cache/git-repos/https%3A%2F%2Fgithub.com%2Flidavidm%2Fi_am_what_i_eat", kill_on_drop: false }`
[INFO] [stderr] Cloning into bare repository '/workspace/cache/git-repos/https%3A%2F%2Fgithub.com%2Flidavidm%2Fi_am_what_i_eat'...
[INFO] running `Command { std: "git" "rev-parse" "HEAD", kill_on_drop: false }`
[INFO] [stdout] d0248d69a2d16755eeaed9f13a49b82679935f44
[INFO] building lidavidm/i_am_what_i_eat against master#881c1ac408d93bb7adaa3a51dabab9266e82eee8 for issue-85264
[INFO] running `Command { std: "git" "clone" "/workspace/cache/git-repos/https%3A%2F%2Fgithub.com%2Flidavidm%2Fi_am_what_i_eat" "/workspace/builds/worker-2/source", kill_on_drop: false }`
[INFO] [stderr] Cloning into '/workspace/builds/worker-2/source'...
[INFO] [stderr] done.
[INFO] validating manifest of git repo https://github.com/lidavidm/i_am_what_i_eat on toolchain 881c1ac408d93bb7adaa3a51dabab9266e82eee8
[INFO] running `Command { std: "/workspace/cargo-home/bin/cargo" "+881c1ac408d93bb7adaa3a51dabab9266e82eee8" "metadata" "--manifest-path" "Cargo.toml" "--no-deps", kill_on_drop: false }`
[INFO] started tweaking git repo https://github.com/lidavidm/i_am_what_i_eat
[INFO] finished tweaking git repo https://github.com/lidavidm/i_am_what_i_eat
[INFO] tweaked toml for git repo https://github.com/lidavidm/i_am_what_i_eat written to /workspace/builds/worker-2/source/Cargo.toml
[INFO] crate git repo https://github.com/lidavidm/i_am_what_i_eat already has a lockfile, it will not be regenerated
[INFO] running `Command { std: "/workspace/cargo-home/bin/cargo" "+881c1ac408d93bb7adaa3a51dabab9266e82eee8" "fetch" "--manifest-path" "Cargo.toml", kill_on_drop: false }`
[INFO] [stderr]     Updating git repository `https://github.com/SergioBenitez/Rocket`
[INFO] [stderr]  Downloading crates ...
[INFO] [stderr]   Downloaded matches v0.1.4
[INFO] [stderr]   Downloaded unicode-normalization v0.1.4
[INFO] [stderr]   Downloaded byteorder v1.0.0
[INFO] [stderr]   Downloaded gcc v0.3.49
[INFO] [stderr]   Downloaded num_cpus v1.4.0
[INFO] [stderr]   Downloaded dotenv v0.9.0
[INFO] [stderr]   Downloaded thread_local v0.3.3
[INFO] [stderr]   Downloaded num-traits v0.1.37
[INFO] [stderr]   Downloaded chrono v0.3.1
[INFO] [stderr]   Downloaded serde_json v1.0.2
[INFO] [stderr]   Downloaded thread-id v3.1.0
[INFO] [stderr]   Downloaded diesel v0.13.0
[INFO] [stderr]   Downloaded version_check v0.1.0
[INFO] [stderr]   Downloaded num-iter v0.1.33
[INFO] [stderr]   Downloaded r2d2-diesel v0.13.0
[INFO] [stderr]   Downloaded untrusted v0.5.0
[INFO] [stderr]   Downloaded ordermap v0.2.10
[INFO] [stderr]   Downloaded mime v0.2.4
[INFO] [stderr]   Downloaded unreachable v0.1.1
[INFO] [stderr]   Downloaded quote v0.3.15
[INFO] [stderr]   Downloaded unicode-xid v0.0.4
[INFO] [stderr]   Downloaded term v0.4.5
[INFO] [stderr]   Downloaded lazy_static v0.2.8
[INFO] [stderr]   Downloaded diesel_codegen v0.13.0
[INFO] [stderr]   Downloaded cookie v0.8.1
[INFO] [stderr]   Downloaded diesel_infer_schema v0.13.0
[INFO] [stderr]   Downloaded num-integer v0.1.34
[INFO] [stderr]   Downloaded term-painter v0.2.3
[INFO] [stderr]   Downloaded smallvec v0.3.3
[INFO] [stderr]   Downloaded deque v0.3.2
[INFO] [stderr]   Downloaded rayon v0.7.0
[INFO] [stderr]   Downloaded serde v1.0.8
[INFO] [stderr]   Downloaded toml v0.2.1
[INFO] [stderr]   Downloaded pear v0.0.8
[INFO] [stderr]   Downloaded time v0.1.37
[INFO] [stderr]   Downloaded redox_syscall v0.1.17
[INFO] [stderr]   Downloaded dtoa v0.4.1
[INFO] [stderr]   Downloaded itoa v0.3.1
[INFO] [stderr]   Downloaded synom v0.11.3
[INFO] [stderr]   Downloaded syn v0.11.11
[INFO] [stderr]   Downloaded libc v0.2.23
[INFO] [stderr]   Downloaded serde_derive v1.0.8
[INFO] [stderr]   Downloaded num v0.1.37
[INFO] [stderr]   Downloaded scheduled-thread-pool v0.1.0
[INFO] [stderr]   Downloaded hyper v0.10.10
[INFO] [stderr]   Downloaded idna v0.1.2
[INFO] [stderr]   Downloaded rayon-core v1.0.0
[INFO] [stderr]   Downloaded unicase v1.4.0
[INFO] [stderr]   Downloaded typeable v0.1.2
[INFO] [stderr]   Downloaded state v0.2.1
[INFO] [stderr]   Downloaded url v1.4.0
[INFO] [stderr]   Downloaded serde_derive_internals v0.15.1
[INFO] [stderr]   Downloaded libsqlite3-sys v0.8.0
[INFO] [stderr]   Downloaded ring v0.9.7
[INFO] [stderr]   Downloaded r2d2 v0.7.2
[INFO] [stderr]   Downloaded httparse v1.2.2
[INFO] [stderr]   Downloaded unicode-bidi v0.3.2
[INFO] [stderr]   Downloaded pear_codegen v0.0.8
[INFO] running `Command { std: "docker" "create" "-v" "/var/lib/crater-agent-workspace/builds/worker-2/target:/opt/rustwide/target:rw,Z" "-v" "/var/lib/crater-agent-workspace/builds/worker-2/source:/opt/rustwide/workdir:ro,Z" "-v" "/var/lib/crater-agent-workspace/cargo-home:/opt/rustwide/cargo-home:ro,Z" "-v" "/var/lib/crater-agent-workspace/rustup-home:/opt/rustwide/rustup-home:ro,Z" "-e" "SOURCE_DIR=/opt/rustwide/workdir" "-e" "CARGO_TARGET_DIR=/opt/rustwide/target" "-e" "CARGO_HOME=/opt/rustwide/cargo-home" "-e" "RUSTUP_HOME=/opt/rustwide/rustup-home" "-w" "/opt/rustwide/workdir" "-m" "1610612736" "--user" "0:0" "--network" "none" "ghcr.io/rust-lang/crates-build-env/linux@sha256:20528e8c29e4536546f0102ce88568b16ea7538393a33fcca951030f7af10457" "/opt/rustwide/cargo-home/bin/cargo" "+881c1ac408d93bb7adaa3a51dabab9266e82eee8" "metadata" "--no-deps" "--format-version=1", kill_on_drop: false }`
[INFO] [stderr] WARNING: Your kernel does not support swap limit capabilities or the cgroup is not mounted. Memory limited without swap.
[INFO] [stdout] c5f4bb193509a1277165df77f602f354c57959562dee1e8be487da6108b3e0e0
[INFO] running `Command { std: "docker" "start" "-a" "c5f4bb193509a1277165df77f602f354c57959562dee1e8be487da6108b3e0e0", kill_on_drop: false }`
[INFO] running `Command { std: "docker" "inspect" "c5f4bb193509a1277165df77f602f354c57959562dee1e8be487da6108b3e0e0", kill_on_drop: false }`
[INFO] running `Command { std: "docker" "rm" "-f" "c5f4bb193509a1277165df77f602f354c57959562dee1e8be487da6108b3e0e0", kill_on_drop: false }`
[INFO] [stdout] c5f4bb193509a1277165df77f602f354c57959562dee1e8be487da6108b3e0e0
[INFO] running `Command { std: "docker" "create" "-v" "/var/lib/crater-agent-workspace/builds/worker-2/target:/opt/rustwide/target:rw,Z" "-v" "/var/lib/crater-agent-workspace/builds/worker-2/source:/opt/rustwide/workdir:ro,Z" "-v" "/var/lib/crater-agent-workspace/cargo-home:/opt/rustwide/cargo-home:ro,Z" "-v" "/var/lib/crater-agent-workspace/rustup-home:/opt/rustwide/rustup-home:ro,Z" "-e" "SOURCE_DIR=/opt/rustwide/workdir" "-e" "CARGO_TARGET_DIR=/opt/rustwide/target" "-e" "CARGO_INCREMENTAL=0" "-e" "RUST_BACKTRACE=full" "-e" "RUSTFLAGS=--cap-lints=forbid" "-e" "CARGO_HOME=/opt/rustwide/cargo-home" "-e" "RUSTUP_HOME=/opt/rustwide/rustup-home" "-w" "/opt/rustwide/workdir" "-m" "1610612736" "--user" "0:0" "--network" "none" "ghcr.io/rust-lang/crates-build-env/linux@sha256:20528e8c29e4536546f0102ce88568b16ea7538393a33fcca951030f7af10457" "/opt/rustwide/cargo-home/bin/cargo" "+881c1ac408d93bb7adaa3a51dabab9266e82eee8" "build" "--frozen" "--message-format=json", kill_on_drop: false }`
[INFO] [stdout] e0403c341af526375b9fbbd512f45860fcc527f4043536b55a19095bba0a1a38
[INFO] [stderr] WARNING: Your kernel does not support swap limit capabilities or the cgroup is not mounted. Memory limited without swap.
[INFO] running `Command { std: "docker" "start" "-a" "e0403c341af526375b9fbbd512f45860fcc527f4043536b55a19095bba0a1a38", kill_on_drop: false }`
[INFO] [stderr]    Compiling libc v0.2.23
[INFO] [stderr]    Compiling byteorder v1.0.0
[INFO] [stderr]    Compiling deque v0.3.2
[INFO] [stderr]    Compiling serde v1.0.8
[INFO] [stderr]    Compiling unicode-xid v0.0.4
[INFO] [stderr]    Compiling untrusted v0.5.0
[INFO] [stderr]    Compiling quote v0.3.15
[INFO] [stderr]    Compiling httparse v1.2.2
[INFO] [stderr]    Compiling smallvec v0.3.3
[INFO] [stderr]    Compiling pear v0.0.8
[INFO] [stderr]    Compiling state v0.2.1
[INFO] [stderr]    Compiling pear_codegen v0.0.8
[INFO] [stderr]    Compiling antidote v1.0.0
[INFO] [stderr]    Compiling ordermap v0.2.10
[INFO] [stderr]    Compiling num-integer v0.1.34
[INFO] [stderr]    Compiling unicode-bidi v0.3.2
[INFO] [stdout] error[E0557]: feature has been removed
[INFO] [stdout]  --> /opt/rustwide/cargo-home/registry/src/github.com-1ecc6299db9ec823/pear_codegen-0.0.8/src/lib.rs:1:45
[INFO] [stdout]   |
[INFO] [stdout] 1 | #![feature(plugin_registrar, rustc_private, quote)]
[INFO] [stdout]   |                                             ^^^^^ feature has been removed
[INFO] [stdout] 
[INFO] [stdout] 
[INFO] [stdout] error[E0462]: found staticlib `rustc` instead of rlib or dylib
[INFO] [stdout]  --> /opt/rustwide/cargo-home/registry/src/github.com-1ecc6299db9ec823/pear_codegen-0.0.8/src/lib.rs:3:1
[INFO] [stdout]   |
[INFO] [stdout] 3 | extern crate rustc;
[INFO] [stdout]   | ^^^^^^^^^^^^^^^^^^^
[INFO] [stdout]   |
[INFO] [stdout]   = help: please recompile that crate using --crate-type lib
[INFO] [stdout]   = note: the following crate versions were found:
[INFO] [stdout]           crate `rustc`: /opt/rustwide/rustup-home/toolchains/881c1ac408d93bb7adaa3a51dabab9266e82eee8/lib/rustlib/x86_64-unknown-linux-gnu/lib/librustc-nightly_rt.lsan.a
[INFO] [stdout]           crate `rustc`: /opt/rustwide/rustup-home/toolchains/881c1ac408d93bb7adaa3a51dabab9266e82eee8/lib/rustlib/x86_64-unknown-linux-gnu/lib/librustc-nightly_rt.msan.a
[INFO] [stdout]           crate `rustc`: /opt/rustwide/rustup-home/toolchains/881c1ac408d93bb7adaa3a51dabab9266e82eee8/lib/rustlib/x86_64-unknown-linux-gnu/lib/librustc-nightly_rt.tsan.a
[INFO] [stdout]           crate `rustc`: /opt/rustwide/rustup-home/toolchains/881c1ac408d93bb7adaa3a51dabab9266e82eee8/lib/rustlib/x86_64-unknown-linux-gnu/lib/librustc-nightly_rt.asan.a
[INFO] [stdout] 
[INFO] [stdout] 
[INFO] [stdout] error: aborting due to 2 previous errors
[INFO] [stdout] 
[INFO] [stdout] 
[INFO] [stdout] For more information about this error, try `rustc --explain E0557`.
[INFO] [stdout] 
[INFO] [stderr] error: could not compile `pear_codegen`
[INFO] [stderr] 
[INFO] [stderr] To learn more, run the command again with --verbose.
[INFO] [stderr] warning: build failed, waiting for other jobs to finish...
[INFO] [stdout] error[E0658]: trait bounds other than `Sized` on const fn parameters are unstable
[INFO] [stdout]   --> /opt/rustwide/cargo-home/registry/src/github.com-1ecc6299db9ec823/state-0.2.1/src/storage.rs:58:6
[INFO] [stdout]    |
[INFO] [stdout] 58 | impl<T: Send + Sync + 'static> Storage<T> {
[INFO] [stdout]    |      ^
[INFO] [stdout]    |
[INFO] [stdout]    = note: see issue #57563 <https://github.com/rust-lang/rust/issues/57563> for more information
[INFO] [stdout]    = help: add `#![feature(const_fn_trait_bound)]` to the crate attributes to enable
[INFO] [stdout] 
[INFO] [stdout] 
[INFO] [stdout] error: aborting due to previous error
[INFO] [stdout] 
[INFO] [stdout] 
[INFO] [stdout] For more information about this error, try `rustc --explain E0658`.
[INFO] [stdout] 
[INFO] [stderr] error: build failed
[INFO] running `Command { std: "docker" "inspect" "e0403c341af526375b9fbbd512f45860fcc527f4043536b55a19095bba0a1a38", kill_on_drop: false }`
[INFO] running `Command { std: "docker" "rm" "-f" "e0403c341af526375b9fbbd512f45860fcc527f4043536b55a19095bba0a1a38", kill_on_drop: false }`
[INFO] [stdout] e0403c341af526375b9fbbd512f45860fcc527f4043536b55a19095bba0a1a38
